alse
Does 16 divide 2288?
True
Is 108 a multiple of 9?
True
Does 39 divide 2209?
False
Is 3033 a multiple of 25?
False
Is 3156 a multiple of 12?
True
Is 3770 a multiple of 13?
True
Is 3542 a multiple of 23?
True
Is 26 a factor of 2574?
True
Does 6 divide 234?
True
Is 13 a factor of 858?
True
Is 418 a multiple of 38?
True
Is 5060 a multiple of 10?
True
Is 15 a factor of 368?
False
Is 93 a multiple of 57?
False
Is 10 a factor of 1590?
True
Is 25 a factor of 6625?
True
Is 8 a factor of 320?
True
Does 7 divide 2277?
False
Is 17 a factor of 2975?
True
Does 31 divide 3700?
False
Is 55888 a multiple of 24?
False
Does 98 divide 1597?
False
Does 7 divide 693?
True
Does 22 divide 5478?
True
Is 116 a factor of 6032?
True
Is 369 a multiple of 3?
True
Is 24 a factor of 5524?
False
Is 13 a factor of 37270?
False
Is 7 a factor of 16111?
False
Does 7 divide 23160?
False
Is 46187 a multiple of 377?
False
Is 10 a factor of 206?
False
Is 152 a multiple of 19?
True
Does 36 divide 14832?
True
Is 11 a factor of 30998?
True
Is 41 a factor of 169?
False
Is 211 a factor of 39246?
True
Is 31 a factor of 3994?
False
Does 9 divide 2024?
False
Does 24 divide 2650?
False
Is 8 a factor of 368?
True
Does 15 divide 1300?
False
Is 40 a multiple of 20?
True
Is 106 a factor of 2120?
True
Does 39 divide 273?
True
Is 1059 a multiple of 30?
False
Is 17 a factor of 663?
True
Does 19 divide 276?
False
Does 15 divide 4530?
True
Is 488 a multiple of 8?
True
Is 102 a factor of 8058?
True
Is 1481 a multiple of 44?
False
Is 31 a factor of 3203?
False
Does 77 divide 8022?
False
Is 51 a factor of 1445?
False
Does 110 divide 2705?
False
Is 12 a factor of 47988?
True
Does 44 divide 1293?
False
Does 25 divide 59125?
True
Is 622 a multiple of 14?
False
Does 12 divide 252?
True
Is 5902 a multiple of 13?
True
Does 19 divide 1624?
False
Is 44 a factor of 352?
True
Does 49 divide 44174?
False
Is 74 a factor of 940?
False
Is 3 a factor of 17442?
True
Is 125 a factor of 3000?
True
Is 12 a factor of 396?
True
Does 121 divide 33275?
True
Is 20056 a multiple of 46?
True
Does 62 divide 1561?
False
Is 5909 a multiple of 72?
False
Is 56 a factor of 168?
True
Is 3146 a multiple of 242?
True
Is 16601 a multiple of 12?
False
Is 949 a multiple of 27?
False
Does 17 divide 1751?
True
Is 7 a factor of 14062?
False
Is 686 a multiple of 49?
True
Is 392 a multiple of 118?
False
Is 385 a multiple of 7?
True
Is 234 a multiple of 26?
True
Does 77 divide 8239?
True
Does 48 divide 7632?
True
Is 6171 a multiple of 33?
True
Is 3402 a multiple of 54?
True
Is 11475 a multiple of 135?
True
Is 16 a factor of 12560?
True
Does 3 divide 111?
True
Is 15 a factor of 5730?
True
Is 7 a factor of 37281?
False
Does 116 divide 3364?
True
Is 4 a factor of 13092?
True
Is 3732 a multiple of 12?
True
Is 67 a factor of 24811?
False
Is 21 a factor of 5460?
True
Does 22 divide 5698?
True
Is 33 a factor of 1683?
True
Does 3 divide 212?
False
Does 5 divide 4476?
False
Is 32 a factor of 50489?
False
Is 52 a factor of 8853?
False
Is 4961 a multiple of 16?
False
Is 15008 a multiple of 8?
True
Is 1252 a multiple of 7?
False
Does 5 divide 620?
True
Is 10673 a multiple of 85?
False
Does 34 divide 714?
True
Does 14 divide 409?
False
Is 20 a factor of 2240?
True
Is 885 a multiple of 8?
False
Is 1867 a multiple of 60?
False
Is 17 a factor of 14926?
True
Does 28 divide 22372?
True
Is 88 a factor of 21329?
False
Is 36 a factor of 96?
False
Is 83 a factor of 6308?
True
Is 45105 a multiple of 5?
True
Does 22 divide 862?
False
Is 21763 a multiple of 112?
False
Is 8 a factor of 77?
False
Does 15 divide 3808?
False
Is 45204 a multiple of 36?
False
Is 39 a factor of 2197?
False
Is 20 a factor of 313?
False
Does 5 divide 495?
True
Is 2314 a multiple of 6?
False
Is 67 a factor of 466?
False
Does 17 divide 3039?
False
Does 6 divide 852?
True
Does 7 divide 13580?
True
Does 18 divide 848?
False
Is 221 a multiple of 37?
False
Is 14628 a multiple of 211?
False
Does 21 divide 566?
False
Does 29 divide 5829?
True
Is 39 a factor of 1053?
True
Is 15414 a multiple of 21?
True
Is 20768 a multiple of 8?
True
Is 759 a multiple of 22?
False
Does 13 divide 5382?
True
Is 22 a factor of 26828?
False
Does 14 divide 126?
True
Is 27 a factor of 621?
True
Is 1144 a multiple of 52?
True
Is 840 a multiple of 28?
True
Is 37 a factor of 2257?
True
Is 77 a multiple of 11?
True
Does 19 divide 41302?
False
Is 32942 a multiple of 15?
False
Is 25745 a multiple of 28?
False
Does 22 divide 4510?
True
Does 84 divide 2436?
True
Does 31 divide 105953?
False
Is 30 a factor of 918?
False
Is 110 a multiple of 55?
True
Is 406 a factor of 40012?
False
Is 495 a multiple of 24?
False
Is 10 a factor of 492?
False
Is 587 a multiple of 65?
False
Is 15568 a multiple of 16?
True
Is 83 a factor of 1494?
True
Is 3869 a multiple of 18?
False
Is 99 a factor of 50193?
True
Is 19 a factor of 380?
True
Does 17 divide 11916?
False
Is 6334 a multiple of 13?
False
Does 18 divide 1883?
False
Is 6 a factor of 138?
True
Is 17 a factor of 4001?
False
Is 31759 a multiple of 13?
True
Does 72 divide 1160?
False
Is 1507 a multiple of 23?
False
Does 12 divide 457?
False
Is 55 a factor of 4235?
True
Is 1669 a multiple of 14?
False
Is 10593 a multiple of 107?
True
Is 3815 a multiple of 136?
False
Is 3 a factor of 444?
True
Is 1110 a multiple of 30?
True
Does 8 divide 7524?
False
Is 5 a factor of 16695?
True
Is 162 a factor of 6049?
False
Does 4 divide 2104?
True
Is 2 a factor of 654?
True
Is 15 a factor of 5956?
False
Is 14552 a multiple of 63?
False
Does 9 divide 2771?
False
Is 15 a factor of 507?
False
Is 36 a factor of 4302?
False
Is 1921 a multiple of 12?
False
Does 9 divide 2907?
True
Is 288 a multiple of 6?
True
Is 22 a factor of 105006?
True
Does 145 divide 3180?
False
Is 16 a factor of 4288?
True
Is 50 a factor of 47673?
False
Does 10 divide 270?
True
Does 32 divide 192?
True
Does 22 divide 579?
False
Is 33120 a multiple of 12?
True
Is 10688 a multiple of 111?
False
Does 4 divide 1363?
False
Does 18 divide 637?
False
Does 13 divide 1070?
False
Does 104 divide 5462?
False
Is 3316 a multiple of 104?
False
Is 14994 a multiple of 126?
True
Is 2 a factor of 2134?
True
Is 2829 a multiple of 22?
False
Does 17 divide 1498?
False
Is 58 a factor of 696?
True
Is 195 a factor of 49544?
False
Is 42 a factor of 3108?
True
Does 9 divide 180?
True
Does 9 divide 1565?
False
Is 24130 a multiple of 18?
False
Is 6460 a multiple of 19?
True
Does 20 divide 1000?
True
Is 18 a factor of 17298?
True
Is 23 a factor of 16650?
False
Is 698 a multiple of 15?
False
Does 17 divide 12950?
False
Is 1694 a multiple of 23?
False
Is 4770 a multiple of 9?
True
Is 18 a factor of 3662?
False
Is 19 a factor of 1311?
True
Does 41 divide 369?
True
Does 11 divide 2109?
False
Does 7 divide 623?
True
Is 22 a factor of 1654?
False
Is 98 a multiple of 14?
True
Is 12 a factor of 22327?
False
Is 2 a factor of 317?
False
Is 17 a factor of 4121?
False
Is 648 a multiple of 9?
True
Is 11 a factor of 8026?
False
Is 1667 a multiple of 37?
False
Is 24 a factor of 9295?
False
Is 12 a factor of 372?
True
Is 34 a factor of 1156?
True
Is 85 a factor of 4420?
True
Does 3 divide 215?
False
Is 19 a factor of 969?
True
Is 10 a factor of 6680?
True
Is 5 a factor of 485?
True
Is 257 a multiple of 72?
False
Does 12 divide 6540?
True
Is 2694 a multiple of 15?
False
Is 990 a multiple of 18?
True
Is 35607 a multiple of 13?
True
Is 560 a multiple of 72?
False
Does 186 divide 24366?
True
Is 34 a factor of 4182?
True
Does 124 divide 17759?
False
Is 41 a factor of 1230?
True
Is 11 a factor of 88572?
True
Is 22 a factor of 14636?
False
Does 10 divide 450?
True
Does 163 divide 19397?
True
Is 754 a multiple of 13?
True
Is 102 a factor of 1365?
False
Is 73020 a multiple of 12?
True
Is 42 a factor of 6636?
True
Is 4 a factor of 136?
True
Does 13 divide 197813?
False
Is 1106 a multiple of 28?
False
Is 82073 a multiple of 57?
False
Is 71701 a multiple of 217?
False
Is 60 a factor of 6240?
True
Is 48 a factor of 6048?
True
Does 11 divide 3608?
True
Does 20 divide 1859?
False
Is 18 a factor of 194?
False
Is 62825 a multiple of 147?
False
Is 71306 a multiple of 101?
True
Is 643 a multiple of 17?
False
Does 70 divide 19558?
False
Does 20 divide 1880?
True
Does 6 divide 14436?
True
Does 7 divide 14225?